{"id":465,"date":"2015-10-18T17:51:59","date_gmt":"2015-10-18T16:51:59","guid":{"rendered":"http:\/\/dubail.ch\/?page_id=465"},"modified":"2016-10-30T18:34:55","modified_gmt":"2016-10-30T17:34:55","slug":"presentation-location","status":"publish","type":"page","link":"http:\/\/dubail.ch\/","title":{"rendered":"Pr\u00e9sentation location"},"content":{"rendered":"<p>Appartement de 4 pi\u00e8ces en duplex situ\u00e9 \u00e0 l&rsquo;entr\u00e9e des Collons 1800 (situ\u00e9 vers l&rsquo;Office du tourisme). Cuisine, salon et trois chambres s\u00e9par\u00e9s (2 lits double et 2 lits simples). Deux salles d&rsquo;eau. Piscine int\u00e9rieure, salle de jeux et parking int\u00e9rieur.<\/p>\n","protected":false},"excerpt":{"rendered":"<p>Appartement de 4 pi\u00e8ces en duplex situ\u00e9 \u00e0 l&rsquo;entr\u00e9e des Collons 1800 (situ\u00e9 vers l&rsquo;Office du tourisme). Cuisine, salon et trois chambres s\u00e9par\u00e9s (2 lits double et 2 lits simples). Deux salles d&rsquo;eau. Piscine int\u00e9rieure, salle de jeux et parking int\u00e9rieur.<\/p>\n","protected":false},"author":1,"featured_media":0,"parent":0,"menu_order":0,"comment_status":"closed","ping_status":"closed","template":"","meta":{"footnotes":""},"_links":{"self":[{"href":"http:\/\/dubail.ch\/index.php?rest_route=\/wp\/v2\/pages\/465"}],"collection":[{"href":"http:\/\/dubail.ch\/index.php?rest_route=\/wp\/v2\/pages"}],"about":[{"href":"http:\/\/dubail.ch\/index.php?rest_route=\/wp\/v2\/types\/page"}],"author":[{"embeddable":true,"href":"http:\/\/dubail.ch\/index.php?rest_route=\/wp\/v2\/users\/1"}],"replies":[{"embeddable":true,"href":"http:\/\/dubail.ch\/index.php?rest_route=%2Fwp%2Fv2%2Fcomments&post=465"}],"version-history":[{"count":4,"href":"http:\/\/dubail.ch\/index.php?rest_route=\/wp\/v2\/pages\/465\/revisions"}],"predecessor-version":[{"id":480,"href":"http:\/\/dubail.ch\/index.php?rest_route=\/wp\/v2\/pages\/465\/revisions\/480"}],"wp:attachment":[{"href":"http:\/\/dubail.ch\/index.php?rest_route=%2Fwp%2Fv2%2Fmedia&parent=465"}],"curies":[{"name":"wp","href":"https:\/\/api.w.org\/{rel}","templated":true}]}}